{"id":895,"date":"2020-12-10T08:06:14","date_gmt":"2020-12-10T08:06:14","guid":{"rendered":"https:\/\/www.jovenesconespiritu.com\/?page_id=895"},"modified":"2021-05-15T15:37:10","modified_gmt":"2021-05-15T15:37:10","slug":"preguntas-frecuentes","status":"publish","type":"page","link":"https:\/\/www.jovenesconespiritu.com\/?page_id=895","title":{"rendered":"Preguntas Frecuentes."},"content":{"rendered":"\t\t<div data-elementor-type=\"wp-page\" data-elementor-id=\"895\" class=\"elementor elementor-895\">\n\t\t\t\t\t\t<section class=\"elementor-section elementor-top-section elementor-element elementor-element-74955672 elementor-section-content-middle elementor-section-boxed elementor-section-height-default elementor-section-height-default\" data-id=\"74955672\" data-element_type=\"section\" data-e-type=\"section\" data-settings=\"{&quot;background_background&quot;:&quot;classic&quot;}\">\n\t\t\t\t\t\t<div class=\"elementor-container elementor-column-gap-no\">\n\t\t\t\t\t<div class=\"elementor-column elementor-col-100 elementor-top-column elementor-element elementor-element-1be482f8\" data-id=\"1be482f8\" data-element_type=\"column\" data-e-type=\"column\">\n\t\t\t<div class=\"elementor-widget-wrap elementor-element-populated\">\n\t\t\t\t\t\t<div class=\"elementor-element elementor-element-3498e78f elementor-widget elementor-widget-heading\" data-id=\"3498e78f\" data-element_type=\"widget\" data-e-type=\"widget\" data-widget_type=\"heading.default\">\n\t\t\t\t<div class=\"elementor-widget-container\">\n\t\t\t\t\t<h2 class=\"elementor-heading-title elementor-size-default\">FAQ<\/h2>\t\t\t\t<\/div>\n\t\t\t\t<\/div>\n\t\t\t\t<div class=\"elementor-element elementor-element-1a0d7ba0 elementor-widget elementor-widget-heading\" data-id=\"1a0d7ba0\" data-element_type=\"widget\" data-e-type=\"widget\" data-widget_type=\"heading.default\">\n\t\t\t\t<div class=\"elementor-widget-container\">\n\t\t\t\t\t<h5 class=\"elementor-heading-title elementor-size-default\">\u00a1PREGUNTAS FRECUENTES QUE TE AYUDAR\u00c1N!<\/h5>\t\t\t\t<\/div>\n\t\t\t\t<\/div>\n\t\t\t\t<div class=\"elementor-element elementor-element-205f7986 elementor-widget elementor-widget-toggle\" data-id=\"205f7986\" data-element_type=\"widget\" data-e-type=\"widget\" data-widget_type=\"toggle.default\">\n\t\t\t\t<div class=\"elementor-widget-container\">\n\t\t\t\t\t\t\t<div class=\"elementor-toggle\">\n\t\t\t\t\t\t\t<div class=\"elementor-toggle-item\">\n\t\t\t\t\t<div id=\"elementor-tab-title-5431\" class=\"elementor-tab-title\" data-tab=\"1\" role=\"button\" aria-controls=\"elementor-tab-content-5431\" aria-expanded=\"false\">\n\t\t\t\t\t\t\t\t\t\t\t\t<span class=\"elementor-toggle-icon elementor-toggle-icon-right\" aria-hidden=\"true\">\n\t\t\t\t\t\t\t\t\t\t\t\t\t\t\t<span class=\"elementor-toggle-icon-closed\"><i class=\"fas fa-caret-right\"><\/i><\/span>\n\t\t\t\t\t\t\t\t<span class=\"elementor-toggle-icon-opened\"><i class=\"elementor-toggle-icon-opened fas fa-caret-up\"><\/i><\/span>\n\t\t\t\t\t\t\t\t\t\t\t\t\t<\/span>\n\t\t\t\t\t\t\t\t\t\t\t\t<a class=\"elementor-toggle-title\" tabindex=\"0\">\u00bfQu\u00e9 necesito para ingresar a la Congregaci\u00f3n?<\/a>\n\t\t\t\t\t<\/div>\n\n\t\t\t\t\t<div id=\"elementor-tab-content-5431\" class=\"elementor-tab-content elementor-clearfix\" data-tab=\"1\" role=\"region\" aria-labelledby=\"elementor-tab-title-5431\"><div class=\"et_pb_toggle et_pb_module et_pb_accordion_item et_pb_accordion_item_0 et_pb_toggle_open\"><div class=\"et_pb_toggle_content clearfix\"><p>Necesitas contactar a un Sacerdote o Hermano Misionero del Esp\u00edritu Santo para iniciar un proceso de acompa\u00f1amiento vocacional que dure como m\u00ednimo 6 meses.<span class=\"Apple-converted-space\">\u00a0<\/span><\/p><p>Tambi\u00e9n, participar del Aspirantado (enero), Aspirantado de Semana Santa y Prepostulantado (junio o julio) para dar comienzo a la primera etapa de formaci\u00f3n, el Postulantado, que inicia por lo regular en septiembre<\/p><\/div><\/div><\/div>\n\t\t\t\t<\/div>\n\t\t\t\t\t\t\t<div class=\"elementor-toggle-item\">\n\t\t\t\t\t<div id=\"elementor-tab-title-5432\" class=\"elementor-tab-title\" data-tab=\"2\" role=\"button\" aria-controls=\"elementor-tab-content-5432\" aria-expanded=\"false\">\n\t\t\t\t\t\t\t\t\t\t\t\t<span class=\"elementor-toggle-icon elementor-toggle-icon-right\" aria-hidden=\"true\">\n\t\t\t\t\t\t\t\t\t\t\t\t\t\t\t<span class=\"elementor-toggle-icon-closed\"><i class=\"fas fa-caret-right\"><\/i><\/span>\n\t\t\t\t\t\t\t\t<span class=\"elementor-toggle-icon-opened\"><i class=\"elementor-toggle-icon-opened fas fa-caret-up\"><\/i><\/span>\n\t\t\t\t\t\t\t\t\t\t\t\t\t<\/span>\n\t\t\t\t\t\t\t\t\t\t\t\t<a class=\"elementor-toggle-title\" tabindex=\"0\">\u00bfQu\u00e9 es el Acompa\u00f1amiento Vocacional y c\u00f3mo contacto a un Misionero del Esp\u00edritu Santo para iniciar mi Proceso Vocacional?<\/a>\n\t\t\t\t\t<\/div>\n\n\t\t\t\t\t<div id=\"elementor-tab-content-5432\" class=\"elementor-tab-content elementor-clearfix\" data-tab=\"2\" role=\"region\" aria-labelledby=\"elementor-tab-title-5432\"><p>El\u00a0<a href=\"https:\/\/www.jovenesconespiritu.com\/?p=1110\">ACOMPA\u00d1AMIENTO VOCACIONAL<i>\u00a0(video)<\/i><\/a>\u00a0es un espacio de Dios en el que tienes una entrevista (presencial o en l\u00ednea) con un Misionero del Esp\u00edritu Santo y hablas sobre tu experiencia de Dios, familia, afectividad, sexualidad y llamado vocacional.\u00a0<\/p><p>Para <a href=\"https:\/\/api.whatsapp.com\/send?phone=524491200060&amp;text=\">contactar a un Misione<\/a><a href=\"https:\/\/api.whatsapp.com\/send?phone=524491200060&amp;text=\" target=\"_blank\" rel=\"noopener\">ro<\/a>\u00a0<a href=\"https:\/\/api.whatsapp.com\/send?phone=524491200060&amp;text=\">(V\u00eda WhatsApp)<\/a>, o tambi\u00e9n puedes dar clic en <a href=\"https:\/\/www.jovenesconespiritu.com\/?page_id=1113\">este link<\/a>\u00a0y busca al promotor vocacional m\u00e1s cercano.<\/p><\/div>\n\t\t\t\t<\/div>\n\t\t\t\t\t\t\t<div class=\"elementor-toggle-item\">\n\t\t\t\t\t<div id=\"elementor-tab-title-5433\" class=\"elementor-tab-title\" data-tab=\"3\" role=\"button\" aria-controls=\"elementor-tab-content-5433\" aria-expanded=\"false\">\n\t\t\t\t\t\t\t\t\t\t\t\t<span class=\"elementor-toggle-icon elementor-toggle-icon-right\" aria-hidden=\"true\">\n\t\t\t\t\t\t\t\t\t\t\t\t\t\t\t<span class=\"elementor-toggle-icon-closed\"><i class=\"fas fa-caret-right\"><\/i><\/span>\n\t\t\t\t\t\t\t\t<span class=\"elementor-toggle-icon-opened\"><i class=\"elementor-toggle-icon-opened fas fa-caret-up\"><\/i><\/span>\n\t\t\t\t\t\t\t\t\t\t\t\t\t<\/span>\n\t\t\t\t\t\t\t\t\t\t\t\t<a class=\"elementor-toggle-title\" tabindex=\"0\">\u00bfCu\u00e1nto dura la formaci\u00f3n y cu\u00e1ntos a\u00f1os son para ordenarme sacerdote Misionero del Esp\u00edritu Santo?<\/a>\n\t\t\t\t\t<\/div>\n\n\t\t\t\t\t<div id=\"elementor-tab-content-5433\" class=\"elementor-tab-content elementor-clearfix\" data-tab=\"3\" role=\"region\" aria-labelledby=\"elementor-tab-title-5433\"><p>La formaci\u00f3n b\u00e1sica dura 12 a\u00f1os y las etapas son las siguientes:\u00a0<br \/>Postulantado (1 a\u00f1o) en Aguascalientes.<br \/><a href=\"https:\/\/www.jovenesconespiritu.com\/?ashade-albums=efosa\">Postulantado (Video)<\/a><\/p><p>Noviciado (2 a\u00f1os) en Quer\u00e9taro.<br \/><a href=\"https:\/\/www.jovenesconespiritu.com\/?ashade-albums=my-special-day\">Noviciado (Video)<\/a><\/p><p>Filosofado (3 a\u00f1os) en Guadalajara, Jalisco.<br \/><a href=\"https:\/\/www.jovenesconespiritu.com\/?ashade-albums=harley-davidson\">Filosofado (video)<\/a><\/p><p>Etapa de formaci\u00f3n de servicio apost\u00f3lico (2 a\u00f1os).<br \/><a href=\"https:\/\/www.jovenesconespiritu.com\/?ashade-albums=together-forever\">EFOSA (Video)<\/a><\/p><p>Las posibilidades son: Brasil, USA, Colombia, M\u00e9rida Yuc, San Luis Potos\u00ed o Tijuana, BC.<\/p><p>Teolog\u00eda (4 a\u00f1os) Brasil o Ciudad de M\u00e9xico.<br \/><a href=\"https:\/\/www.jovenesconespiritu.com\/?ashade-albums=sunset-nature\">Teologado (Video)<\/a><\/p><\/div>\n\t\t\t\t<\/div>\n\t\t\t\t\t\t\t<div class=\"elementor-toggle-item\">\n\t\t\t\t\t<div id=\"elementor-tab-title-5434\" class=\"elementor-tab-title\" data-tab=\"4\" role=\"button\" aria-controls=\"elementor-tab-content-5434\" aria-expanded=\"false\">\n\t\t\t\t\t\t\t\t\t\t\t\t<span class=\"elementor-toggle-icon elementor-toggle-icon-right\" aria-hidden=\"true\">\n\t\t\t\t\t\t\t\t\t\t\t\t\t\t\t<span class=\"elementor-toggle-icon-closed\"><i class=\"fas fa-caret-right\"><\/i><\/span>\n\t\t\t\t\t\t\t\t<span class=\"elementor-toggle-icon-opened\"><i class=\"elementor-toggle-icon-opened fas fa-caret-up\"><\/i><\/span>\n\t\t\t\t\t\t\t\t\t\t\t\t\t<\/span>\n\t\t\t\t\t\t\t\t\t\t\t\t<a class=\"elementor-toggle-title\" tabindex=\"0\">\u00bfEn d\u00f3nde se encuentra la Congregaci\u00f3n?<\/a>\n\t\t\t\t\t<\/div>\n\n\t\t\t\t\t<div id=\"elementor-tab-content-5434\" class=\"elementor-tab-content elementor-clearfix\" data-tab=\"4\" role=\"region\" aria-labelledby=\"elementor-tab-title-5434\"><p><span style=\"font-weight: 400;\">Italia, Brasil, Estados Unidos, Costa Rica, Colombia, Espa\u00f1a, Guatemala y M\u00e9xico. <\/span><\/p><\/div>\n\t\t\t\t<\/div>\n\t\t\t\t\t\t\t<div class=\"elementor-toggle-item\">\n\t\t\t\t\t<div id=\"elementor-tab-title-5435\" class=\"elementor-tab-title\" data-tab=\"5\" role=\"button\" aria-controls=\"elementor-tab-content-5435\" aria-expanded=\"false\">\n\t\t\t\t\t\t\t\t\t\t\t\t<span class=\"elementor-toggle-icon elementor-toggle-icon-right\" aria-hidden=\"true\">\n\t\t\t\t\t\t\t\t\t\t\t\t\t\t\t<span class=\"elementor-toggle-icon-closed\"><i class=\"fas fa-caret-right\"><\/i><\/span>\n\t\t\t\t\t\t\t\t<span class=\"elementor-toggle-icon-opened\"><i class=\"elementor-toggle-icon-opened fas fa-caret-up\"><\/i><\/span>\n\t\t\t\t\t\t\t\t\t\t\t\t\t<\/span>\n\t\t\t\t\t\t\t\t\t\t\t\t<a class=\"elementor-toggle-title\" tabindex=\"0\">\u00bfCu\u00e1l es la diferencia entre un Sacerdote Diocesano y un Sacerdote Misionero del Esp\u00edritu Santo?<\/a>\n\t\t\t\t\t<\/div>\n\n\t\t\t\t\t<div id=\"elementor-tab-content-5435\" class=\"elementor-tab-content elementor-clearfix\" data-tab=\"5\" role=\"region\" aria-labelledby=\"elementor-tab-title-5435\"><p>El Sacerdote Diocesano est\u00e1 inscrito en la parroquia de su di\u00f3cesis, vive la Espiritualidad de Jes\u00fas Buen Pastor y su apostolado est\u00e1 muy ligado a su comunidad parroquial.<\/p><p>Como Sacerdotes Misioneros del Esp\u00edritu Santo, vivimos en comunidades de tres o cuatro hermanos. Nuestro modo de vida es desde la Espiritualidad de la Cruz y vivimos los votos religiosos de Pobreza, Castidad y Obediencia.<\/p><\/div>\n\t\t\t\t<\/div>\n\t\t\t\t\t\t\t<div class=\"elementor-toggle-item\">\n\t\t\t\t\t<div id=\"elementor-tab-title-5436\" class=\"elementor-tab-title\" data-tab=\"6\" role=\"button\" aria-controls=\"elementor-tab-content-5436\" aria-expanded=\"false\">\n\t\t\t\t\t\t\t\t\t\t\t\t<span class=\"elementor-toggle-icon elementor-toggle-icon-right\" aria-hidden=\"true\">\n\t\t\t\t\t\t\t\t\t\t\t\t\t\t\t<span class=\"elementor-toggle-icon-closed\"><i class=\"fas fa-caret-right\"><\/i><\/span>\n\t\t\t\t\t\t\t\t<span class=\"elementor-toggle-icon-opened\"><i class=\"elementor-toggle-icon-opened fas fa-caret-up\"><\/i><\/span>\n\t\t\t\t\t\t\t\t\t\t\t\t\t<\/span>\n\t\t\t\t\t\t\t\t\t\t\t\t<a class=\"elementor-toggle-title\" tabindex=\"0\">\u00bfCu\u00e1l es la misi\u00f3n un Misionero del Esp\u00edritu Santo?<\/a>\n\t\t\t\t\t<\/div>\n\n\t\t\t\t\t<div id=\"elementor-tab-content-5436\" class=\"elementor-tab-content elementor-clearfix\" data-tab=\"6\" role=\"region\" aria-labelledby=\"elementor-tab-title-5436\"><div class=\"et_pb_column et_pb_column_2_3 et_pb_column_9 et_pb_css_mix_blend_mode_passthrough\"><div class=\"et_pb_module et_pb_accordion et_pb_accordion_0 et_had_animation\"><div class=\"et_pb_toggle et_pb_module et_pb_accordion_item et_pb_accordion_item_5 et_pb_toggle_open\"><div class=\"et_pb_toggle_content clearfix\"><p><span style=\"font-weight: 400;\">ACOMPA\u00d1AMOS procesos de vida, principalmente de Sacerdotes, Religiosos y Laicos.<\/span><\/p><\/div><\/div><\/div><\/div><\/div>\n\t\t\t\t<\/div>\n\t\t\t\t\t\t\t\t<\/div>\n\t\t\t\t\t\t<\/div>\n\t\t\t\t<\/div>\n\t\t\t\t\t<\/div>\n\t\t<\/div>\n\t\t\t\t\t<\/div>\n\t\t<\/section>\n\t\t\t\t<\/div>\n\t\t","protected":false},"excerpt":{"rendered":"<p>FAQ \u00a1PREGUNTAS FRECUENTES QUE TE AYUDAR\u00c1N! \u00bfQu\u00e9 necesito para ingresar a la Congregaci\u00f3n? Necesitas contactar a un Sacerdote o Hermano Misionero del Esp\u00edritu Santo para iniciar un proceso de acompa\u00f1amiento vocacional que dure como m\u00ednimo 6 meses.\u00a0 Tambi\u00e9n, participar del Aspirantado (enero), Aspirantado de Semana Santa y Prepostulantado (junio o julio) para dar comienzo a&#8230;<\/p>\n","protected":false},"author":1,"featured_media":0,"parent":0,"menu_order":0,"comment_status":"closed","ping_status":"closed","template":"","meta":{"nf_dc_page":"","om_disable_all_campaigns":false,"_monsterinsights_skip_tracking":false,"_monsterinsights_sitenote_active":false,"_monsterinsights_sitenote_note":"","_monsterinsights_sitenote_category":0,"_joinchat":[],"footnotes":""},"class_list":["post-895","page","type-page","status-publish","hentry"],"_links":{"self":[{"href":"https:\/\/www.jovenesconespiritu.com\/index.php?rest_route=\/wp\/v2\/pages\/895","targetHints":{"allow":["GET"]}}],"collection":[{"href":"https:\/\/www.jovenesconespiritu.com\/index.php?rest_route=\/wp\/v2\/pages"}],"about":[{"href":"https:\/\/www.jovenesconespiritu.com\/index.php?rest_route=\/wp\/v2\/types\/page"}],"author":[{"embeddable":true,"href":"https:\/\/www.jovenesconespiritu.com\/index.php?rest_route=\/wp\/v2\/users\/1"}],"replies":[{"embeddable":true,"href":"https:\/\/www.jovenesconespiritu.com\/index.php?rest_route=%2Fwp%2Fv2%2Fcomments&post=895"}],"version-history":[{"count":5,"href":"https:\/\/www.jovenesconespiritu.com\/index.php?rest_route=\/wp\/v2\/pages\/895\/revisions"}],"predecessor-version":[{"id":1564,"href":"https:\/\/www.jovenesconespiritu.com\/index.php?rest_route=\/wp\/v2\/pages\/895\/revisions\/1564"}],"wp:attachment":[{"href":"https:\/\/www.jovenesconespiritu.com\/index.php?rest_route=%2Fwp%2Fv2%2Fmedia&parent=895"}],"curies":[{"name":"wp","href":"https:\/\/api.w.org\/{rel}","templated":true}]}}