{"id":850,"date":"2020-12-10T06:45:24","date_gmt":"2020-12-10T06:45:24","guid":{"rendered":"https:\/\/www.jovenesconespiritu.com\/?page_id=850"},"modified":"2021-02-26T16:37:30","modified_gmt":"2021-02-26T16:37:30","slug":"cruz-del-apostolado","status":"publish","type":"page","link":"https:\/\/www.jovenesconespiritu.com\/?page_id=850","title":{"rendered":"CRUZ DEL APOSTOLADO"},"content":{"rendered":"\t\t<div data-elementor-type=\"wp-page\" data-elementor-id=\"850\" class=\"elementor elementor-850\">\n\t\t\t\t\t\t<section class=\"elementor-section elementor-top-section elementor-element elementor-element-aab5009 elementor-section-boxed elementor-section-height-default elementor-section-height-default\" data-id=\"aab5009\" data-element_type=\"section\" data-e-type=\"section\">\n\t\t\t\t\t\t<div class=\"elementor-container elementor-column-gap-default\">\n\t\t\t\t\t<div class=\"elementor-column elementor-col-100 elementor-top-column elementor-element elementor-element-ee171ab\" data-id=\"ee171ab\" data-element_type=\"column\" data-e-type=\"column\">\n\t\t\t<div class=\"elementor-widget-wrap elementor-element-populated\">\n\t\t\t\t\t\t<div class=\"elementor-element elementor-element-613a505 elementor-widget elementor-widget-image\" data-id=\"613a505\" data-element_type=\"widget\" data-e-type=\"widget\" data-widget_type=\"image.default\">\n\t\t\t\t<div class=\"elementor-widget-container\">\n\t\t\t\t\t\t\t\t\t\t\t\t\t\t\t<img fetchpriority=\"high\" decoding=\"async\" width=\"1495\" height=\"2048\" src=\"https:\/\/www.jovenesconespiritu.com\/wp-content\/uploads\/2021\/02\/CRUZ-DEL-APOSTOLADO-1495x2048.jpg\" class=\"attachment-2048x2048 size-2048x2048 wp-image-1153\" alt=\"\" srcset=\"https:\/\/www.jovenesconespiritu.com\/wp-content\/uploads\/2021\/02\/CRUZ-DEL-APOSTOLADO-1495x2048.jpg 1495w, https:\/\/www.jovenesconespiritu.com\/wp-content\/uploads\/2021\/02\/CRUZ-DEL-APOSTOLADO-219x300.jpg 219w, https:\/\/www.jovenesconespiritu.com\/wp-content\/uploads\/2021\/02\/CRUZ-DEL-APOSTOLADO-748x1024.jpg 748w, https:\/\/www.jovenesconespiritu.com\/wp-content\/uploads\/2021\/02\/CRUZ-DEL-APOSTOLADO-768x1052.jpg 768w, https:\/\/www.jovenesconespiritu.com\/wp-content\/uploads\/2021\/02\/CRUZ-DEL-APOSTOLADO-1121x1536.jpg 1121w, https:\/\/www.jovenesconespiritu.com\/wp-content\/uploads\/2021\/02\/CRUZ-DEL-APOSTOLADO-scaled.jpg 1869w\" sizes=\"(max-width: 1495px) 100vw, 1495px\" \/>\t\t\t\t\t\t\t\t\t\t\t\t\t\t\t<\/div>\n\t\t\t\t<\/div>\n\t\t\t\t\t<\/div>\n\t\t<\/div>\n\t\t\t\t\t<\/div>\n\t\t<\/section>\n\t\t\t\t<section class=\"elementor-section elementor-top-section elementor-element elementor-element-72ab291 elementor-section-full_width elementor-section-height-default elementor-section-height-default\" data-id=\"72ab291\" data-element_type=\"section\" data-e-type=\"section\">\n\t\t\t\t\t\t<div class=\"elementor-container elementor-column-gap-default\">\n\t\t\t\t\t<div class=\"elementor-column elementor-col-66 elementor-top-column elementor-element elementor-element-3201f67\" data-id=\"3201f67\" data-element_type=\"column\" data-e-type=\"column\">\n\t\t\t<div class=\"elementor-widget-wrap elementor-element-populated\">\n\t\t\t\t\t\t<div class=\"elementor-element elementor-element-0b3b62a elementor-widget__width-inherit elementor-widget elementor-widget-text-editor\" data-id=\"0b3b62a\" data-element_type=\"widget\" data-e-type=\"widget\" data-widget_type=\"text-editor.default\">\n\t\t\t\t<div class=\"elementor-widget-container\">\n\t\t\t\t\t\t\t\t\t<p style=\"margin-bottom: 0px; padding: 0px 0px 1em; border: 0px; outline-width: 0px; vertical-align: baseline; line-height: 1.9em; caret-color: #666666; color: #666666; font-family: 'Open Sans', Arial, sans-serif; text-align: left;\">Esta ma\u00f1ana despu\u00e9s de comulgar, estando recogida haciendo mi oraci\u00f3n en la Iglesia de la Compa\u00f1\u00eda vi de repente, una cosa como alegor\u00eda, s\u00f3lo de tama\u00f1o natural, que no entend\u00ed.<\/p>\n<p style=\"margin-bottom: 0px; padding: 0px 0px 1em; border: 0px; outline-width: 0px; vertical-align: baseline; line-height: 1.9em; caret-color: #666666; color: #666666; font-family: 'Open Sans', Arial, sans-serif; text-align: left;\">Era como un inmenso cuadro de luz encendida, dir\u00e9, y aclar\u00e1ndose hacia el centro, siendo blanqu\u00edsima la de en medio, \u00a1luz blanca!, \u00a1qu\u00e9 raro!, y encima de todas estas clases de luces con miles de rayos de oro y juego, una paloma blanca, extendida de sus alas, mero arriba, como abarcando todo aquel conjunto de luz.<\/p>\t\t\t\t\t\t\t\t<\/div>\n\t\t\t\t<\/div>\n\t\t\t\t\t<\/div>\n\t\t<\/div>\n\t\t\t\t<div class=\"elementor-column elementor-col-33 elementor-top-column elementor-element elementor-element-5635e8f\" data-id=\"5635e8f\" data-element_type=\"column\" data-e-type=\"column\">\n\t\t\t<div class=\"elementor-widget-wrap elementor-element-populated\">\n\t\t\t\t\t\t<div class=\"elementor-element elementor-element-e27fdeb elementor-widget elementor-widget-heading\" data-id=\"e27fdeb\" data-element_type=\"widget\" data-e-type=\"widget\" data-widget_type=\"heading.default\">\n\t\t\t\t<div class=\"elementor-widget-container\">\n\t\t\t\t\t<h2 class=\"elementor-heading-title elementor-size-large\">\"Jes\u00fas, Salvador de los hombres, \u00a1S\u00e1lvalos!\", sintetiza nuestro proyecto de vida.<\/h2>\t\t\t\t<\/div>\n\t\t\t\t<\/div>\n\t\t\t\t\t<\/div>\n\t\t<\/div>\n\t\t\t\t\t<\/div>\n\t\t<\/section>\n\t\t\t\t<section class=\"elementor-section elementor-top-section elementor-element elementor-element-752c10e elementor-section-boxed elementor-section-height-default elementor-section-height-default\" data-id=\"752c10e\" data-element_type=\"section\" data-e-type=\"section\">\n\t\t\t\t\t\t<div class=\"elementor-container elementor-column-gap-default\">\n\t\t\t\t\t<div class=\"elementor-column elementor-col-100 elementor-top-column elementor-element elementor-element-5d2ea1e\" data-id=\"5d2ea1e\" data-element_type=\"column\" data-e-type=\"column\">\n\t\t\t<div class=\"elementor-widget-wrap elementor-element-populated\">\n\t\t\t\t\t\t<div class=\"elementor-element elementor-element-73e0853 elementor-widget elementor-widget-heading\" data-id=\"73e0853\" data-element_type=\"widget\" data-e-type=\"widget\" data-widget_type=\"heading.default\">\n\t\t\t\t<div class=\"elementor-widget-container\">\n\t\t\t\t\t<h2 class=\"elementor-heading-title elementor-size-medium\">(Primera visi\u00f3n de la Cruz del Apostolado narrada por\nConcepci\u00f3n Cabrera de Armida, febrero de 1894).<\/h2>\t\t\t\t<\/div>\n\t\t\t\t<\/div>\n\t\t\t\t<div class=\"elementor-element elementor-element-0385952 elementor-widget elementor-widget-spacer\" data-id=\"0385952\" data-element_type=\"widget\" data-e-type=\"widget\" data-widget_type=\"spacer.default\">\n\t\t\t\t<div class=\"elementor-widget-container\">\n\t\t\t\t\t\t\t<div class=\"elementor-spacer\">\n\t\t\t<div class=\"elementor-spacer-inner\"><\/div>\n\t\t<\/div>\n\t\t\t\t\t\t<\/div>\n\t\t\t\t<\/div>\n\t\t\t\t\t<\/div>\n\t\t<\/div>\n\t\t\t\t\t<\/div>\n\t\t<\/section>\n\t\t\t\t<section class=\"elementor-section elementor-top-section elementor-element elementor-element-4fbc590 elementor-section-boxed elementor-section-height-default elementor-section-height-default\" data-id=\"4fbc590\" data-element_type=\"section\" data-e-type=\"section\">\n\t\t\t\t\t\t<div class=\"elementor-container elementor-column-gap-default\">\n\t\t\t\t\t<div class=\"elementor-column elementor-col-100 elementor-top-column elementor-element elementor-element-46019f3\" data-id=\"46019f3\" data-element_type=\"column\" data-e-type=\"column\">\n\t\t\t<div class=\"elementor-widget-wrap elementor-element-populated\">\n\t\t\t\t\t\t<div class=\"elementor-element elementor-element-66df628 elementor-widget elementor-widget-video\" data-id=\"66df628\" data-element_type=\"widget\" data-e-type=\"widget\" data-settings=\"{&quot;youtube_url&quot;:&quot;https:\\\/\\\/www.youtube.com\\\/watch?v=zccvU-cbdc8&amp;feature=youtu.be&amp;ab_channel=MisionerosEsp%C3%ADrituSanto&quot;,&quot;video_type&quot;:&quot;youtube&quot;,&quot;controls&quot;:&quot;yes&quot;}\" data-widget_type=\"video.default\">\n\t\t\t\t<div class=\"elementor-widget-container\">\n\t\t\t\t\t\t\t<div class=\"elementor-wrapper elementor-open-inline\">\n\t\t\t<div class=\"elementor-video\"><\/div>\t\t<\/div>\n\t\t\t\t\t\t<\/div>\n\t\t\t\t<\/div>\n\t\t\t\t\t<\/div>\n\t\t<\/div>\n\t\t\t\t\t<\/div>\n\t\t<\/section>\n\t\t\t\t<\/div>\n\t\t","protected":false},"excerpt":{"rendered":"<p>Esta ma\u00f1ana despu\u00e9s de comulgar, estando recogida haciendo mi oraci\u00f3n en la Iglesia de la Compa\u00f1\u00eda vi de repente, una cosa como alegor\u00eda, s\u00f3lo de tama\u00f1o natural, que no entend\u00ed. Era como un inmenso cuadro de luz encendida, dir\u00e9, y aclar\u00e1ndose hacia el centro, siendo blanqu\u00edsima la de en medio, \u00a1luz blanca!, \u00a1qu\u00e9 raro!, y&#8230;<\/p>\n","protected":false},"author":1,"featured_media":0,"parent":0,"menu_order":0,"comment_status":"closed","ping_status":"closed","template":"","meta":{"nf_dc_page":"","om_disable_all_campaigns":false,"_monsterinsights_skip_tracking":false,"_monsterinsights_sitenote_active":false,"_monsterinsights_sitenote_note":"","_monsterinsights_sitenote_category":0,"_joinchat":[],"footnotes":""},"class_list":["post-850","page","type-page","status-publish","hentry"],"_links":{"self":[{"href":"https:\/\/www.jovenesconespiritu.com\/index.php?rest_route=\/wp\/v2\/pages\/850","targetHints":{"allow":["GET"]}}],"collection":[{"href":"https:\/\/www.jovenesconespiritu.com\/index.php?rest_route=\/wp\/v2\/pages"}],"about":[{"href":"https:\/\/www.jovenesconespiritu.com\/index.php?rest_route=\/wp\/v2\/types\/page"}],"author":[{"embeddable":true,"href":"https:\/\/www.jovenesconespiritu.com\/index.php?rest_route=\/wp\/v2\/users\/1"}],"replies":[{"embeddable":true,"href":"https:\/\/www.jovenesconespiritu.com\/index.php?rest_route=%2Fwp%2Fv2%2Fcomments&post=850"}],"version-history":[{"count":5,"href":"https:\/\/www.jovenesconespiritu.com\/index.php?rest_route=\/wp\/v2\/pages\/850\/revisions"}],"predecessor-version":[{"id":1407,"href":"https:\/\/www.jovenesconespiritu.com\/index.php?rest_route=\/wp\/v2\/pages\/850\/revisions\/1407"}],"wp:attachment":[{"href":"https:\/\/www.jovenesconespiritu.com\/index.php?rest_route=%2Fwp%2Fv2%2Fmedia&parent=850"}],"curies":[{"name":"wp","href":"https:\/\/api.w.org\/{rel}","templated":true}]}}